  {"id":263,"date":"2015-09-11T12:00:03","date_gmt":"2015-09-11T12:00:03","guid":{"rendered":"http:\/\/allezvoyage.com\/?page_id=263"},"modified":"2015-10-07T15:01:18","modified_gmt":"2015-10-07T15:01:18","slug":"groupe-ethnique","status":"publish","type":"page","link":"http:\/\/allezvoyage.com\/index.php\/groupe-ethnique\/","title":{"rendered":"Groupe ethnique"},"content":{"rendered":"<p><strong><em><span style=\"color: #ff6600;\">Le Vietnam<\/span> <\/em>compte, en 2014, 90 millions d\u2019habitants dont le tiers a moins de 20 ans.\u00a0<span style=\"color: #ff6600;\">Cette jeunne population\u00a0<\/span>se compose de 54 groupes ethniques. A part l\u2019ethnie majoritaire Viet ou Kinh (pr\u00e8s de 90% de la population), les minorit\u00e9s nationales englobent les \u00e9l\u00e9ments autochtones (les groupes ethniques peuplant les Hauts Plateaux du centre du pays, dont les plus importants sont les Bahnar, les Sedang, les Mnong) et les \u00e9l\u00e9ments implant\u00e9s (les Khmer habitant le delta du M\u00e9kong, les Cham descendant de l\u2019ancien Champa).<\/strong><\/p>\n<p><strong>Les Viets habitent essentiellement dans les deux r\u00e9gions les plus fertiles : les deltas du Fleuve Rouge et du M\u00e9kong, ainsi que les plaines c\u00f4ti\u00e8res du Centre du pays. Ces Viets des r\u00e9gions basses jouent un r\u00f4le beaucoup plus important que les autres groupes ethniques habitant les hautes r\u00e9gions, et cela gr\u00e2ce non seulement \u00e0 leur nombre mais \u00e9galement au d\u00e9veloppement de leur \u00e9conomie agricole et aux contacts qu\u2019ils entretiennent avec les cultures \u00e9trang\u00e8res en raison du voisinage de la mer.<\/strong><\/p>\n<p><strong><em><span style=\"color: #ff6600;\">Plusieurs groupes ethniques<\/span><\/em>, en majorit\u00e9 Thai, se sont fix\u00e9s dans les petites vall\u00e9es au pied des montagnes. Ils pratiquent la riziculture en terrain inond\u00e9 et aussi sous forme de culture sur br\u00fblis.<\/strong><\/p>\n<p><strong><em><span style=\"color: #ff6600;\">Les r\u00e9gions de hautes et moyennes montagnes<\/span><\/em>\u00a0constituent l\u2019habitat des groupuscules ethniques tr\u00e8s dispers\u00e9s, appartenant \u00e0 des familles linguistiques diff\u00e9rentes : austro-asiatiques, tib\u00e9to-birmanes ou entre les deux. Ils pratiquent la culture sur br\u00fblis et en terrain sec.<\/strong><\/p>\n<p><strong>Chaque ethnie minoritaire parle sa langue et se distingue des autres par ses coutumes, son mode d\u2019habitation, sa mani\u00e8re de s\u2019habiller. On assite au Vietnam \u00e0 une v\u00e9ritable cohabitation dans la diversit\u00e9. Plusieurs ethnies ont leur propre \u00e9criture, mais l\u2019\u00e9criture officielle du Vietnam est l\u2019\u00e9criture romanis\u00e9e des Viets.<\/strong><\/p>\n","protected":false},"excerpt":{"rendered":"<p>Le Vietnam compte, en 2014, 90 millions d\u2019habitants dont le tiers a moins de 20 ans.\u00a0Cette jeunne population\u00a0se compose de 54 groupes ethniques. A part l\u2019ethnie majoritaire Viet ou Kinh (pr\u00e8s de 90% de la population), les minorit\u00e9s nationales englobent les \u00e9l\u00e9ments autochtones (les groupes ethniques peuplant les Hauts Plateaux du centre du pays, dont [&hellip;]<\/p>\n","protected":false},"author":1,"featured_media":0,"parent":0,"menu_order":0,"comment_status":"open","ping_status":"open","template":"template_guide_culturel.php","meta":{"footnotes":""},"_links":{"self":[{"href":"http:\/\/allezvoyage.com\/index.php\/wp-json\/wp\/v2\/pages\/263"}],"collection":[{"href":"http:\/\/allezvoyage.com\/index.php\/wp-json\/wp\/v2\/pages"}],"about":[{"href":"http:\/\/allezvoyage.com\/index.php\/wp-json\/wp\/v2\/types\/page"}],"author":[{"embeddable":true,"href":"http:\/\/allezvoyage.com\/index.php\/wp-json\/wp\/v2\/users\/1"}],"replies":[{"embeddable":true,"href":"http:\/\/allezvoyage.com\/index.php\/wp-json\/wp\/v2\/comments?post=263"}],"version-history":[{"count":4,"href":"http:\/\/allezvoyage.com\/index.php\/wp-json\/wp\/v2\/pages\/263\/revisions"}],"predecessor-version":[{"id":679,"href":"http:\/\/allezvoyage.com\/index.php\/wp-json\/wp\/v2\/pages\/263\/revisions\/679"}],"wp:attachment":[{"href":"http:\/\/allezvoyage.com\/index.php\/wp-json\/wp\/v2\/media?parent=263"}],"curies":[{"name":"wp","href":"https:\/\/api.w.org\/{rel}","templated":true}]}}